ermine n(-33).
-11
Let f(y) = -y**3 - 18*y**2 + 20*y - 27. Give f(-19).
-46
Let n(x) = x + 12. Calculate n(11).
23
Let y(r) = -r**2 + 21*r - 18. Calculate y(20).
2
Let l(j) = 2*j**2 - 2*j - 3. What is l(4)?
21
Let k(h) = -h - 10. What is k(-3)?
-7
Let r(x) = 2*x + 37. What is r(-21)?
-5
Let l(z) = -8*z + 10. Calculate l(0).
10
Let u(f) = 24*f**2 + f - 1. Determine u(1).
24
Let o(y) = -5*y - 9. Determine o(-5).
16
Let b(f) = -8*f**3 + 2*f**2 + f. Calculate b(-2).
70
Let s(f) = -f**3 - f**2 + 4*f - 11. Determine s(-3).
-5
Let d(c) = 2*c**2 + 18*c - 30. Calculate d(-11).
14
Let u(q) = -16*q - 28. Calculate u(-2).
4
Let m(b) = -77*b + 73. Determine m(1).
-4
Let t(q) = q**2 + 11*q + 4. What is t(3)?
46
Let r(y) = 2*y + 26. Calculate r(-14).
-2
Let c(f) = 9*f - 113. Calculate c(14).
13
Let w(g) = 7*g + 8. Determine w(-2).
-6
Let u(l) = 7*l**2 - 38*l - 14. Give u(6).
10
Let q(z) = -z**2 - 6*z. What is q(-12)?
-72
Let o(z) = -z**3 - 9*z**2 - 4*z + 10. What is o(-8)?
-22
Let z(q) = -5*q**3 + q**2 + q + 1. Give z(-1).
6
Let i(v) = 45*v - 264. What is i(6)?
6
Let p(v) = -21*v - 99. What is p(-5)?
6
Let u(a) = 3*a + 5. Calculate u(-7).
-16
Let s(x) = 24*x**2 + x. Determine s(-1).
23
Let r(x) = -10*x**2 + 11*x + 11. What is r(-1)?
-10
Let o(a) = -a**3 - 7*a**2 + 19*a + 160. Calculate o(-6).
10
Let z(j) = j + 6. What is z(-14)?
-8
Let y(s) = 2*s**3 - 16*s**2 + 12*s - 2. Determine y(7).
-16
Let f(a) = -a**2 + 24*a - 84. Give f(4).
-4
Let w(v) = -v**3 - 3*v**2 - 11*v - 62. Give w(-4).
-2
Let f(k) = -8*k**3 - k**2 + k + 2. Determine f(-1).
8
Let t(f) = -f**2 - 11*f - 2. Give t(-7).
26
Let m(o) = o**2 - 140*o + 2. Determine m(0).
2
Let h(u) = u**3 + 7*u**2 + 7*u + 2. What is h(-7)?
-47
Let p(a) = -a**3 - 8*a**2 + 14*a + 7. What is p(-9)?
-38
Let n(u) = -6*u + 43. Determine n(12).
-29
Let o(v) = 17*v + 3. Determine o(-1).
-14
Let x(d) = 85*d + 509. What is x(-6)?
-1
Let j(m) = -4*m + 6. Determine j(3).
-6
Let a(u) = 48*u**2 + 3*u - 1. Give a(-1).
44
Let k(w) = 6*w + 58. Give k(0).
58
Let h(v) = -v**2 - 11*v - 23. What is h(-5)?
7
Let z(a) = a**3 - 6*a**2 + a + 10. Determine z(5).
-10
Let s(v) = -70*v + 11. What is s(-3)?
221
Let d(n) = -19*n - 374. Determine d(-20).
6
Let b(i) = i**3 + 3*i**2 - 7*i - 4. Calculate b(-6).
-70
Let m(o) = -2*o**3 + 3*o**2 - 4*o - 1. Give m(2).
-13
Let m(w) = -3*w**2 - 6*w - 4. What is m(6)?
-148
Let o(v) = -v**2 - v - 1. Calculate o(2).
-7
Let u(l) = -11*l + 2. Determine u(-2).
24
Let v(o) = o**3 + 7*o**2 - 17*o + 1. What is v(-9)?
-8
Let w(b) = -2*b**2 + 30*b - 7. Calculate w(14).
21
Let p(m) = m**2 + 2*m + 9. Calculate p(0).
9
Let h(m) = -2*m - 10. Give h(2).
-14
Let a(g) = g**2 + 10*g - 45. Calculate a(-14).
11
Let y(a) = -a**3 - 7*a**2 - 4*a + 19. What is y(-6)?
7
Let h(c) = c**3 - 7*c**2 + 4*c + 9. Give h(6).
-3
Let z(y) = -y**3 - 7*y**2 - 6*y + 6. Calculate z(-6).
6
Let v(p) = p**2 - 8*p + 9. What is v(3)?
-6
Let r(n) = -n**3 - 5*n**2 + 5*n - 9. What is r(-6)?
-3
Let n(b) = b**3 + 4*b**2 - 14*b + 2. Give n(-6).
14
Let s(w) = -w**2 + 9*w + 3. Calculate s(6).
21
Let g(x) = -2*x - 15. Give g(6).
-27
Let d(s) = 18*s - 14. What is d(2)?
22
Let r(s) = -s**2 + s + 40. Calculate r(5).
20
Let r(m) = m + 15. What is r(-8)?
7
Let s(n) = -n**3 + 11*n**2 - 10*n - 6. Determine s(10).
-6
Let j(y) = -2*y**3 + 6*y**2 - 4. Determine j(4).
-36
Let j(q) = 5*q + 13. Give j(-13).
-52
Let w(o) = 5*o + 4. Give w(5).
29
Let m(d) = 16*d**2 - 89*d + 49. Calculate m(5).
4
Let z(t) = t**2 - 3*t - 4. Give z(0).
-4
Let c(g) = -3*g**2 - 4*g + 1. Give c(-3).
-14
Let k(g) = -4*g**2 + 4*g - 2. Give k(2).
-10
Let v(k) = -2*k - 4. Determine v(3).
-10
Let s(f) = -f**2 - f + 6. Determine s(-4).
-6
Let f(x) = -15*x + 361. Determine f(23).
16
Let f(u) = 2*u - 49. What is f(0)?
-49
Let i(a) = 6*a - 4. What is i(5)?
26
Let g(s) = -5*s + 184. Determine g(35).
9
Let f(o) = -o**2 + o + 97. Determine f(-10).
-13
Let i(j) = 87*j**3 + 2*j**2 - 14*j - 15. What is i(-1)?
-86
Let d(n) = -2*n + 14. Determine d(3).
8
Let k(m) = -51*m + 912. Determine k(18).
-6
Let t(r) = -91*r - 89. Calculate t(-1).
2
Let b(v) = -12*v**2 - 5*v + 4. Calculate b(1).
-13
Let o(d) = d**2 - 3*d - 1. Determine o(3).
-1
Let h(s) = 3*s + 18. Calculate h(-8).
-6
Let y(o) = 2*o**2 + 10*o - 3. Calculate y(-7).
25
Let h(q) = q**3 - 9*q**2 - 22*q + 5. Give h(11).
5
Let i(u) = u**3 + 2*u**2 - 15*u + 4. Determine i(3).
4
Let g(k) = -5*k**2 - k + 1. What is g(1)?
-5
Let c(h) = h**2 - 33*h + 122. Calculate c(28).
-18
Let j(p) = -p**2 + p + 1. What is j(2)?
-1
Let x(l) = l**2 + 9*l + 2. Calculate x(-5).
-18
Let d(v) = -v**2 - 4*v + 2. Determine d(-9).
-43
Let w(y) = y**2 - 11*y + 11. Calculate w(4).
-17
Let i(p) = p**2 + 53*p + 277. Determine i(-6).
-5
Let x(r) = 4*r**2 - 5. What is x(-2)?
11
Let r(i) = i**2 + 5*i - 4. What is r(-5)?
-4
Let u(k) = -4*k + 41. Determine u(8).
9
Let l(u) = 3*u**2 - 11*u - 14. What is l(9)?
130
Let d(t) = -t**2 + 5*t. Give d(7).
-14
Let x(y) = 3*y + 108. What is x(-35)?
3
Let v(y) = y**3 - 19*y**2 + 19*y - 8. Give v(18).
10
Let f(p) = -6*p + 137. Give f(22).
5
Let p(g) = g + 33. Determine p(0).
33
Let u(i) = -i + 10. What is u(10)?
0
Let b(f) = f**3 - 16*f**2 + 16*f - 3. Calculate b(15).
12
Let o(z) = -z**3 - 4*z**2 + z - 12. Determine o(-5).
8
Let x(i) = -i + 24. What is x(12)?
12
Let x(b) = -b**3 - 4*b**2 - b - 3. What is x(-3)?
-9
Let k(j) = j**3 + 5*j**2 + 7*j + 10. Give k(-7).
-137
Let i(d) = -d**3 + 17*d**2 - 15*d - 21. Calculate i(16).
-5
Let v(n) = n**2 - 13*n + 19. Determine v(8).
-21
Let p(j) = -j**3 + 34*j**2 - 6*j + 224. Give p(34).
20
Let q(v) = 10*v**3 + 2*v**2 + 3*v + 2. Give q(-1).
-9
Let u(h) = -3*h**2 + 6*h - 30. Calculate u(7).
-135
Let m(i) = -12*i**2 - 2*i - 4. Calculate m(-2).
-48
Let x(y) = 61*y**2 - 3*y - 2. Calculate x(-1).
62
Let l(k) = 6*k + 19. What is l(-7)?
-23
Let j(i) = -12*i**2 - i. Give j(1).
-13
Let t(z) = -54*z + 4. Calculate t(-1).
58
Let i(p) = -3*p - 3. Calculate i(0).
-3
Let u(w) = 2*w - 14. Give u(6).
-2
Let m(t) = t + 1. Calculate m(-1).
0
Let m(u) = 2*u**2 - 6*u + 7. Determine m(-4).
63
Let n(q) = 18*q + 6. Give n(-2).
-30
Let h(q) = -4*q + 23. Calculate h(6).
-1
Let b(d) = d + 4. What is b(5)?
9
Let o(s) = 34*s**2 - 2*s - 2. Determine o(-1).
34
Let k(x) = -24*x + 68. Calculate k(4).
-28
Let h(s) = -4*s**3 - s**2 + 4*s - 3. What is h(1)?
-4
Let z(p) = -p - 16. What is z(-16)?
0
Let m(f) = -f**3 + 16*f**2 + 2*f - 11. Give m(16).
21
Let k(t) = 7*t**2 - 42*t + 6. Determine k(6).
6
Let p(g) = g**3 + 2*g**2 - g - 2. Determine p(3).
40
Let n(o) = o + 8. Calculate n(-13).
-5
Let o(c) = -2*c**3 - 13*c**2 + 21*c - 28. What is o(-8)?
-4
Let i(u) = 5*u**2 - 7*u + 2. Determine i(6).
140
Let z(y) = -y**3 + 2*y**2 + 9*y - 7. Give z(4).
-3
Let n(d) = d**3 + 7*d**2 + 2*d + 3. Give n(-7).
-11
Let d(b) = -b**3 + 6*b**2 - 8*b + 9. Give d(5).
-6
Let o(s) = 2*s**2 - 8*s + 16. Determine o(7).
58
Let m(b) = 14*b + 1. What is m(-2)?
-27
Let r(k) = -5*k**2 - k - 4. Calculate r(-2).
-22
Let p(m) = 5*m - 4. Calculate p(6).
26
Let b(y) = y**3 - 5*y**2 - 7*y + 3. Give b(6).
-3
Let w(n) = n - 2. Calculate w(3).
1
Let z(y) = -y**2 + 5*y + 7. Calculate z(-5).
-43
Let j(w) = -2*w - 21. Determine j(0).
-21
Let r(o) = 9*o - 14. Determine r(-1).
-23
Let g(u) = -4*u - 73. What is g(-19)?
3
Let c(k) = -7*k**2 - 7*k + 12. Determine c(2).
-30
Let c(l) = -2*l**2 + 29*l - 21. Give c(14).
-7
Let k(s) = -s**2 + 14*s - 136. Determine k(7).
-87
Let a(o) = o**3 - 8*o**2 - 9*o + 13. What is a(9)?
13
Let y(s) = -s**3 + 7*s**2 + 6*s + 8. Give y(7).
50
Let q(m) = -5*m + 20. Give q(-5).
45
Let t(c) = 5*c + 3. Calculate t(-6).
-27
Let d(u) = -2*u**3 + u**2 - 2. What is d(3)?
-47
Let d(w) = -w**3 + 14*w**2 - 5*w - 21. Give d(14).
-91
Let h(l) = l**2 + 4*l + 2. Determine h(4).
34
Let s(q) = 3*q + 9. Give s(-9).
-18
Let t(z) = 3*z - 42. What is t(-4)?
-54
Let x(y) = -y**2 - 7*y - 7. What is x(-5)?
3
Let j(c) = 2*c - 18. Give j(5).
-8
Let j(i) = -i**2 + 9*i + 18. Calculate j(10).
8
Let j(z) = 2*z**3 + 4*z**2 + 2*z. What is j(-2)?
-4
Let x(z) = -z + 10. Give x(8).
2
Let o(b) = 6*b**3 - 4*b**2 - 5*b - 3. What is o(-2)?
-57
Let s(b) = 4*b - 18. Give s(9).
18
Let k(a) = a. Give k(-26).
-26
Let r(g) = -g**2 - 15*g - 34. Give r(-12).
2
Let w(i) = 5*i. Determine w(-2).
-10
Let y(j) = -11*j**2 + 22*j 